mon factor of c and 15?
15
Let d(o) = o**2 + o - 2 + 7*o**2 + 0. Let b be 1/2*(-12)/3. Let k be d(b). Calculate the greatest common factor of k and 7.
7
Suppose n - 2*z - 7 = 6, -3*n + z + 34 = 0. What is the highest common divisor of n and 33?
11
Let s = 9 - 9. Suppose -2*z + 2*n + 4 = -s*z, -3*z + 5*n + 6 = 0. What is the greatest common divisor of z and 18?
2
Let y be 1 - 0/3 - -111. Suppose -2*s = -4*s + 32. Let k = -2 + s. What is the greatest common divisor of y and k?
14
Let t(a) = -a**3 + 10*a**2 + 15*a - 9. Let s be t(11). What is the highest common factor of s and 245?
35
Suppose -3*f = 5*l - 117, -f + 2*f - 3*l = 39. Calculate the greatest common divisor of f and 13.
13
Let r(u) = u + 5. Let f be r(6). Let g = -7 + f. Let y be ((-138)/(-9))/(g/6). Calculate the greatest common divisor of 23 and y.
23
Let j(l) = -l - 1. Let c be j(-1). Suppose m + 3*m - 16 = c, -5*t - 2*m - 27 = 0. Let z = t + 21. What is the greatest common divisor of z and 140?
14
Let u = 17 - 14. Suppose -136 = -4*j - f, f + 102 = u*j - 3*f. Calculate the greatest common factor of j and 34.
34
Suppose 4*q - 96 = -4*q. What is the highest common factor of q and 6?
6
Let r(x) = -x - 5. Let m be r(-7). Let w be (m + 1)*(-2 + 8). What is the greatest common factor of 90 and w?
18
Suppose -p - 360 = 3*p. Let h = p + 130. Let o = 3 + 13. What is the greatest common factor of h and o?
8
Let t = 173 - 168. Suppose -3*m = 11 + 4. Let g = m + 50. Calculate the greatest common divisor of g and t.
5
Let n = 1 + 8. Let f be (-27 + 3)*(-12)/16. Let c = f - 9. Calculate the highest common factor of c and n.
9
Let v be (-2)/5*(0 + -35). Suppose -p + 2*g = -7, -3*p + p - 2*g + 14 = 0. Calculate the highest common divisor of v and p.
7
Let a(s) = -6*s**3 + 2*s + 1. Let f be a(-1). Let p = -4 + f. Let k be 165/12 - p/(-4). Calculate the greatest common divisor of k and 112.
14
Let j = -181 + 201. Let n be 0 - 0/(1 - 0). Suppose n = -5*t + 8 + 12. Calculate the greatest common factor of j and t.
4
Let x(v) = v**2 + 4. Let o be x(-4). Let s be 9*((-160)/6)/(-4). Calculate the greatest common factor of s and o.
20
Suppose 0 = -0*g + 4*g - 12. Suppose 5 = -5*y - 0, -y = g*c - 41. Calculate the greatest common factor of 42 and c.
14
Let k be 1710/(-27)*6/(-4). What is the highest common factor of k and 38?
19
Let x = 43 + -29. What is the greatest common divisor of x and 35?
7
Let t be 8/(-20) - (-94)/10. Let i = 25 - t. Let a(d) = d**2 + 5*d + 2. Let w be a(-6). What is the highest common factor of w and i?
8
Let m(x) = x**2 + 3*x + 2. Let i be m(4). What is the greatest common divisor of 12 and i?
6
Let j(r) = r**3 - 2*r**2 - 5*r - 2. Let m be j(4). Let l = -3 + 10. Let s(q) = q**2 + 3*q. Let i be s(l). What is the highest common divisor of m and i?
10
Let h = -26 + 56. What is the highest common divisor of 12 and h?
6
Let i = -10 - -11. Let n be 17 + 1*(i - 2). Calculate the highest common divisor of n and 2.
2
Suppose -5*r + 4*z = -268, 7*z = 3*z - 8. What is the greatest common factor of r and 39?
13
Let k be 29/((3/(-27))/(-1)). What is the greatest common divisor of 29 and k?
29
Suppose 5*o - 43 = 2. Let b = 0 + 1. Calculate the highest common factor of b and o.
1
Suppose -4*r + 5*f - 31 + 651 = 0, -4*f = 16. Let h = -33 - -59. Suppose -2*d + 4 = -h. Calculate the highest common factor of d and r.
15
Let k(c) = c**2 - c - 1. Let y(u) = -4*u**2 + 4*u + 3. Let j(i) = -6*k(i) - 2*y(i). Let p be j(2). Calculate the highest common factor of 36 and p.
4
Let a(p) = -p**2 + 5*p. Let f be a(5). Suppose -4*z - z + 470 = f. Let b be 10/(-45) + z/18. What is the highest common factor of 30 and b?
5
Suppose 19 + 24 = 5*q + 2*f, 5*q - 19 = 4*f. What is the greatest common factor of 1 and q?
1
Let r be 5*(-2 + (-24)/(-10)). Let d be ((-156)/(-91))/(r/42). Let m = 36 + -24. Calculate the greatest common divisor of d and m.
12
Suppose 4*n + n - 2*m = 157, -2*m + 74 = 2*n. Suppose 2*f - 2 - 2 = 2*i, 2*f - i - 5 = 0. What is the highest common divisor of n and f?
3
Let g(u) = -u**3 - 4. Let y be g(0). Let b be (-22)/y*(-12)/(-3). Calculate the greatest common factor of b and 11.
11
Let h = 19 + -9. What is the greatest common divisor of 5 and h?
5
Suppose 5*d + 8 = h, -2*h - 3 = 3*d + 7. Let n be (-2)/d + 0/6. Calculate the highest common factor of n and 11.
1
Let b = -120 + 176. Calculate the highest common factor of 8 and b.
8
Suppose -88 = -x - 3*x. Let f = -16 + x. What is the highest common divisor of 24 and f?
6
Suppose -3*t = -0*y - 2*y - 99, 0 = 5*t - 3*y - 165. Suppose 79 = 5*p - 31. What is the highest common factor of p and t?
11
Suppose 12 + 24 = j. Calculate the greatest common factor of j and 18.
18
Suppose -3 = -3*b + 15. Calculate the highest common factor of 48 and b.
6
Let f(s) = -s. Suppose -4*w = -3*h - 8, 0 = 3*w - 8*w - 4*h - 21. Let c be f(w). Let t be (-15)/((9/(-6))/c). Calculate the highest common divisor of 15 and t.
5
Let c be 2/(-8) - 26/(-8). Suppose 0 = 5*j - 2*p - 244, 3*j + 0*p = -c*p + 159. Calculate the highest common factor of 20 and j.
10
Let f be 2/(((-2)/4)/(-1)). Let x = f - 2. Calculate the highest common factor of 6 and x.
2
Let s = -5 - -32. Let v = -22 + s. Calculate the greatest common factor of 5 and v.
5
Suppose 0 = 2*x + 2*x. Suppose x*y = 2*t - 2*y + 14, -3*y = t - 13. Let z be 2*(0 - 91/t). Calculate the greatest common factor of 13 and z.
13
Let h(k) = 4 - 1 + 4*k**2 + k - 3. Let r(c) = -2*c + 2. Let t be r(2). Let i be h(t). Calculate the greatest common divisor of 7 and i.
7
Let r = 6 + -3. Let q be (6/8)/((-5)/(-220)). What is the highest common factor of q and r?
3
Let f = 33 + -22. What is the highest common divisor of 44 and f?
11
Let q(p) = -p**3 + 2*p**2 + p - 2. Let s be q(3). Let l be (-2)/s - 107/(-4). Calculate the greatest common factor of l and 18.
9
Let q be ((-28)/(-21))/((-1)/(-6)). Suppose q*w - 12 = 4*w. Suppose -118 - 14 = -4*l. What is the greatest common divisor of l and w?
3
Suppose -6*m - m = -63. Calculate the greatest common divisor of m and 171.
9
Suppose 3 + 3 = 2*o. Suppose -o*t = 1 - 13. Let n = -93 + 125. What is the highest common divisor of n and t?
4
Suppose 3*l + 16 = 4, 3*q - 5*l = 32. What is the greatest common factor of q and 4?
4
Let m be -2 + ((-5)/4)/((-9)/216). Calculate the greatest common divisor of 4 and m.
4
Let i(q) = -q**2 + 19*q + 16. Let s be i(19). Calculate the greatest common factor of 48 and s.
16
Suppose -14*i = -9*i - 880. What is the greatest common divisor of 16 and i?
16
Suppose y = -0 + 10. Calculate the highest common factor of y and 50.
10
Let l(s) = 2*s**2 - 12*s + 4. Let v be l(7). Calculate the highest common divisor of 18 and v.
18
Suppose -4*h + 39 = -h + 3*j, -j = 5*h - 69. Calculate the highest common factor of 2 and h.
2
Let v(k) = k**3 + 6*k**2 - 2*k - 4. Let h be v(-3). Calculate the highest common divisor of 145 and h.
29
Let h = -46 + 106. What is the highest common divisor of 15 and h?
15
Let c be (0 - 4) + 1 + 38. What is the greatest common factor of 14 and c?
7
Let w(h) = h - 7 + h**2 + h**2 - 3*h**2. Let k be w(0). Let l = 7 - k. Calculate the highest common factor of 154 and l.
14
Let o be 4/6 - 22/(-3). Let a(j) = -27*j**2 + j. Let l be a(-1). Let s = 48 + l. Calculate the highest common divisor of s and o.
4
Suppose 4*k + n - 1934 = 0, -k + 3*k - 4*n - 976 = 0. Calculate the highest common factor of 44 and k.
44
Suppose -157 = -5*y - 0*i - 4*i, 124 = 4*y + 4*i. What is the highest common divisor of y and 264?
33
Let v(m) = -6*m**3 - m**2 - m - 2. Let a be v(-2). Suppose -3*h + 6*o - o = -64, a = 2*h - 4*o. What is the greatest common divisor of h and 2?
2
Let i(q) = q**3 + 15*q**2 - 2*q + 6. Let a be i(-15). Let l be (-18)/(-4) - (-1)/(-2). Calculate the greatest common factor of a and l.
4
Let n = 42 + 2. Calculate the greatest common factor of n and 88.
44
Let o be ((-11)/(-11))/((-3)/15*-1). Suppose -4*p + 116 + 104 = 0. What is the greatest common divisor of p and o?
5
Let v = 22 + -9. Let h = v + 23. What is the greatest common divisor of h and 18?
18
Suppose -5*v + s + 20 = 0, -v + 0*v + 4 = -s. Let d = 50 + -30. What is the greatest common factor of d and v?
4
Suppose -2 - 43 = -5*s. Calculate the highest common divisor of 27 and s.
9
Let f = -2 - -4. Let 